{"version":"1.0","provider_name":"Gran\u00e9s Batxillerat - Escuela especializada en Bachillerato en Barcelona","provider_url":"https:\/\/www.batxilleratgranes.com\/es\/","title":"Les claus del llenguatge fotogr\u00e0fic - Gran\u00e9s Batxillerat - Escuela especializada en Bachillerato en Barcelona","type":"rich","width":600,"height":338,"html":"<blockquote class=\"wp-embedded-content\" data-secret=\"zZh22jgyju\"><a href=\"https:\/\/www.batxilleratgranes.com\/es\/les-claus-del-llenguatge-fotografic\/\">Les claus del llenguatge fotogr\u00e0fic<\/a><\/blockquote><iframe sandbox=\"allow-scripts\" security=\"restricted\" src=\"https:\/\/www.batxilleratgranes.com\/es\/les-claus-del-llenguatge-fotografic\/embed\/#?secret=zZh22jgyju\" width=\"600\" height=\"338\" title=\"&#8220;Les claus del llenguatge fotogr\u00e0fic&#8221; &#8212; Gran\u00e9s Batxillerat - Escuela especializada en Bachillerato en Barcelona\" data-secret=\"zZh22jgyju\" frameborder=\"0\" marginwidth=\"0\" marginheight=\"0\" scrolling=\"no\" class=\"wp-embedded-content\"><\/iframe><script>\n\/*! This file is auto-generated *\/\n!function(d,l){\"use strict\";l.querySelector&&d.addEventListener&&\"undefined\"!=typeof URL&&(d.wp=d.wp||{},d.wp.receiveEmbedMessage||(d.wp.receiveEmbedMessage=function(e){var t=e.data;if((t||t.secret||t.message||t.value)&&!\/[^a-zA-Z0-9]\/.test(t.secret)){for(var s,r,n,a=l.querySelectorAll('iframe[data-secret=\"'+t.secret+'\"]'),o=l.querySelectorAll('blockquote[data-secret=\"'+t.secret+'\"]'),c=new RegExp(\"^https?:$\",\"i\"),i=0;i<o.length;i++)o[i].style.display=\"none\";for(i=0;i<a.length;i++)s=a[i],e.source===s.contentWindow&&(s.removeAttribute(\"style\"),\"height\"===t.message?(1e3<(r=parseInt(t.value,10))?r=1e3:~~r<200&&(r=200),s.height=r):\"link\"===t.message&&(r=new URL(s.getAttribute(\"src\")),n=new URL(t.value),c.test(n.protocol))&&n.host===r.host&&l.activeElement===s&&(d.top.location.href=t.value))}},d.addEventListener(\"message\",d.wp.receiveEmbedMessage,!1),l.addEventListener(\"DOMContentLoaded\",function(){for(var e,t,s=l.querySelectorAll(\"iframe.wp-embedded-content\"),r=0;r<s.length;r++)(t=(e=s[r]).getAttribute(\"data-secret\"))||(t=Math.random().toString(36).substring(2,12),e.src+=\"#?secret=\"+t,e.setAttribute(\"data-secret\",t)),e.contentWindow.postMessage({message:\"ready\",secret:t},\"*\")},!1)))}(window,document);\n<\/script>\n","thumbnail_url":"https:\/\/www.batxilleratgranes.com\/wp-content\/uploads\/2021\/12\/IMG-20211130-WA0010.jpg","thumbnail_width":1200,"thumbnail_height":553,"description":"Dins del projecte de Comunicaci\u00f3 i Periodisme i tamb\u00e9 de la mat\u00e8ria de Cultura Audiovisual, els alumnes del grup 1F van rebre la visita ahir de la Marina, de la Fundaci\u00f3 Mapfre, amb qui van realitzar un taller de t\u00e8cnica fotogr\u00e0fica. La sessi\u00f3 es va dividir en dues parts. A la primera, de contingut m\u00e9s&hellip;&nbsp;Read More &raquo;"}

Granés Batxillerat - Escuela especializada en Bachillerato en Barcelona

Les claus del llenguatge fotogràfic - Granés Batxillerat - Escuela especializada en Bachillerato en Barcelona

<blockquote class="wp-embedded-content" data-secret="zZh22jgyju"><a href="https://www.batxilleratgranes.com/es/les-claus-del-llenguatge-fotografic/">Les claus del llenguatge fotogràfic</a></blockquote><iframe sandbox="allow-scripts" security="restricted" src="https://www.batxilleratgranes.com/es/les-claus-del-llenguatge-fotografic/embed/#?secret=zZh22jgyju" width="600" height="338" title="&#8220;Les claus del llenguatge fotogràfic&#8221; &#8212; Granés Batxillerat - Escuela especializada en Bachillerato en Barcelona" data-secret="zZh22jgyju" frameborder="0" marginwidth="0" marginheight="0" scrolling="no" class="wp-embedded-content"></iframe><script>
/*! This file is auto-generated */
!function(d,l){"use strict";l.querySelector&&d.addEventListener&&"undefined"!=typeof URL&&(d.wp=d.wp||{},d.wp.receiveEmbedMessage||(d.wp.receiveEmbedMessage=function(e){var t=e.data;if((t||t.secret||t.message||t.value)&&!/[^a-zA-Z0-9]/.test(t.secret)){for(var s,r,n,a=l.querySelectorAll('iframe[data-secret="'+t.secret+'"]'),o=l.querySelectorAll('blockquote[data-secret="'+t.secret+'"]'),c=new RegExp("^https?:$","i"),i=0;i<o.length;i++)o[i].style.display="none";for(i=0;i<a.length;i++)s=a[i],e.source===s.contentWindow&&(s.removeAttribute("style"),"height"===t.message?(1e3<(r=parseInt(t.value,10))?r=1e3:~~r<200&&(r=200),s.height=r):"link"===t.message&&(r=new URL(s.getAttribute("src")),n=new URL(t.value),c.test(n.protocol))&&n.host===r.host&&l.activeElement===s&&(d.top.location.href=t.value))}},d.addEventListener("message",d.wp.receiveEmbedMessage,!1),l.addEventListener("DOMContentLoaded",function(){for(var e,t,s=l.querySelectorAll("iframe.wp-embedded-content"),r=0;r<s.length;r++)(t=(e=s[r]).getAttribute("data-secret"))||(t=Math.random().toString(36).substring(2,12),e.src+="#?secret="+t,e.setAttribute("data-secret",t)),e.contentWindow.postMessage({message:"ready",secret:t},"*")},!1)))}(window,document);
</script>

Dins del projecte de Comunicació i Periodisme i també de la matèria de Cultura Audiovisual, els alumnes del grup 1F van rebre la visita ahir de la Marina, de la Fundació Mapfre, amb qui van realitzar un taller de tècnica fotogràfica. La sessió es va dividir en dues parts. A la primera, de contingut més&hellip;&nbsp;Read More &raquo;
